358*o - 128. Calculate h(23).
700
Let k(v) = -v**3 + 1648*v**2 - 13022*v - 160713. Determine k(1640).
7
Let r(o) = -12*o**3 + 60*o**2 - 380*o + 86. Give r(6).
-2626
Let y(f) = -f**3 + 2*f**2 - 8706*f - 41. Give y(0).
-41
Let y(a) = -a**3 + 435*a**2 + 11998*a - 29. Determine y(-26).
-341
Let b(i) = -4023*i + 60345. Give b(15).
0
Let d(z) = 4*z**2 - 274*z - 723791. Determine d(461).
-21
Let y(b) = 522*b + 2015. What is y(-4)?
-73
Let c(j) = 156*j**2 - 2834*j - 20. Give c(19).
2450
Let q(z) = 48578*z - 1263043. Calculate q(26).
-15
Let m(q) = -3826*q - 2127306. Calculate m(-556).
-50
Let d(w) = w**3 - 56*w**2 - 136*w - 2848. Give d(59).
-429
Let j(t) = -4347*t - 17411. Determine j(-4).
-23
Let k(a) = 3*a**3 - 35*a**2 - 728*a + 6519. Give k(8).
-9
Let a(l) = -l**3 + 61*l**2 + 2263*l - 20. Determine a(87).
67
Let l(z) = 4*z**3 - 7*z**2 + 1429*z + 4318. Calculate l(-3).
-140
Let h(v) = 198*v**3 + 1784*v**2 + 1342*v + 11916. Give h(-9).
0
Let z(x) = -737677*x - 5901413. What is z(-8)?
3
Let o(c) = 12*c**3 + 32*c**2 - 40*c - 124. What is o(-4)?
-220
Let b(n) = 10*n**3 - 33*n**2 - 110*n + 327. Give b(4).
-1
Let n(y) = 2491*y**2 + 19949*y + 168. Give n(-8).
0
Let o(h) = 27956*h - 167727. Calculate o(6).
9
Let t(j) = -45*j**2 - 152*j + 2474. What is t(6)?
-58
Let b(r) = 18*r**2 + 1473*r - 202. Give b(-82).
44
Let m(n) = -13*n + 1512. What is m(10)?
1382
Let d(y) = 24663*y - 394689. Determine d(16).
-81
Let n(m) = -20027*m + 300411. Determine n(15).
6
Let g(v) = 3551*v + 28269. Give g(-8).
-139
Let i(p) = 74*p**2 + 2658*p + 16526. Give i(-28).
118
Let v(k) = 3793*k - 72023. Calculate v(19).
44
Let y(u) = -36*u**2 + 795*u - 28. Give y(22).
38
Let t(k) = -3*k**3 + k**2 + 182*k - 119. Give t(8).
-135
Let w(u) = 5*u**2 + 35*u - 1440. Give w(12).
-300
Let s(x) = -2*x**3 - 11*x**2 - 62*x - 548. Calculate s(-9).
577
Let g(l) = -l**2 + 113*l + 8291. Determine g(-68).
-4017
Let k(b) = -2*b**2 + 138*b + 907. Calculate k(-7).
-157
Let j(t) = 552*t + 11858. What is j(-21)?
266
Let f(s) = -2*s**3 - 495*s**2 - 25388*s - 2304. Determine f(-175).
-29
Let s(o) = -12*o**2 - 73*o - 12. What is s(-5)?
53
Let t(f) = 1375*f + 145725. Give t(-106).
-25
Let j(q) = -5*q**3 - 57*q**2 - 41*q - 110. Give j(-8).
-870
Let b(c) = -1841*c + 314777. Give b(171).
-34
Let r(h) = 6*h**2 - 4337*h - 13071. What is r(-3)?
-6
Let i(y) = -2*y**3 + 212*y**2 + 176*y - 18656. Give i(106).
0
Let w(c) = -3*c**2 + 1275*c + 92231. What is w(488)?
-1
Let y(t) = -16*t**3 + 3*t**2 + 8. What is y(2)?
-108
Let b(y) = -y**3 + 4*y**2 - 418*y - 6409. Determine b(-11).
4
Let d(o) = 15402*o - 11382088. Calculate d(739).
-10
Let x(d) = -d**2 - 138*d - 3184. Calculate x(-110).
-104
Let a(l) = 35940*l + 395349. Determine a(-11).
9
Let d(c) = c**2 - 61256*c + 1224736. What is d(20)?
16
Let c(x) = -x**3 + 2956*x**2 - 17725*x + 45. Determine c(6).
-105
Let q(y) = 961*y - 51896. Determine q(54).
-2
Let u(r) = -7497*r + 3718519. What is u(496)?
7
Let z(q) = q**2 - 24772*q + 5425786. Determine z(221).
15
Let c(z) = -z**3 + 126*z**2 - 862*z + 17127. Give c(120).
87
Let i(h) = 1831*h - 7349. Give i(4).
-25
Let z(c) = c**2 - 2217341*c + 17738659. Give z(8).
-5
Let k(w) = -15789*w - 236537. What is k(-15)?
298
Let g(k) = 29*k**2 + 2068*k + 6507. Give g(-68).
-21
Let f(g) = 180*g**2 + 7223*g + 1035. What is f(-40)?
115
Let d(c) = 342*c + 91733. Give d(-275).
-2317
Let w(b) = 405*b + 36876. Determine w(-91).
21
Let q(a) = -a**2 + 710*a - 119523. Calculate q(274).
-59
Let j(y) = -y**3 + 68*y**2 - 754*y - 73. Calculate j(54).
35
Let f(q) = 494739*q - 2968445. Give f(6).
-11
Let y(s) = -113*s**2 + 3201*s - 1042. Give y(28).
-6
Let q(v) = -757*v**2 - 2245*v + 68. Give q(-3).
-10
Let t(h) = 40715*h + 40421. Give t(-1).
-294
Let o(w) = -w**2 + 1627*w - 301338. What is o(213)?
-156
Let c(s) = -78*s**2 + 1121*s + 3357. Determine c(-3).
-708
Let a(l) = 15*l + 327. Give a(-34).
-183
Let d(b) = -1426*b + 169264. What is d(119)?
-430
Let y(x) = -x**3 - 392*x**2 + 60*x + 477306. Calculate y(-389).
3
Let w(y) = -3*y**2 + 13889*y - 41647. Give w(3).
-7
Let r(j) = 29*j**2 + 6*j + 141. Calculate r(7).
1604
Let d(b) = 30397*b + 607971. Give d(-20).
31
Let w(k) = -18732*k - 131250. Calculate w(-7).
-126
Let u(v) = -10*v**2 - 160*v + 791. Give u(4).
-9
Let g(i) = i**2 + 646*i + 48641. Determine g(-87).
8
Let n(u) = 3*u**3 - 592*u**2 - 1757*u + 31383. Give n(200).
-17
Let w(i) = 44*i - 1611. Give w(38).
61
Let m(p) = -18*p**3 - 337*p**2 - 232*p + 38. What is m(-18)?
2
Let f(l) = 884*l + 2842. Give f(2).
4610
Let a(h) = -8224*h + 4227088. Determine a(514).
-48
Let g(l) = -6*l**3 - 11*l**2 - 10*l + 63. Calculate g(3).
-228
Let h(j) = -j**3 + 288*j**2 - 3109*j + 398. What is h(11)?
-284
Let q(b) = -235*b**2 - 348*b + 3. What is q(-1)?
116
Let u(p) = -32583*p - 2280642. Give u(-70).
168
Let j(s) = 64*s**3 + 43*s**2 + 30*s + 2. Calculate j(-1).
-49
Let k(z) = -z**3 + 51*z**2 + 236*z - 848. Determine k(55).
32
Let j(q) = -50*q**2 - 1409*q - 5715. Determine j(-4).
-879
Let r(l) = l**3 + 96*l**2 - 1949*l + 487. Calculate r(17).
11
Let l(v) = v**2 - 204*v - 8827. Give l(-36).
-187
Let w(l) = -21*l + 3419. What is w(82)?
1697
Let c(x) = 2*x**2 - 315*x - 5973. What is c(175)?
152
Let k(s) = -s**3 + 406*s**2 - 1909*s + 121030. What is k(402)?
28
Let h(t) = -t**2 + 209*t - 2633. Give h(195).
97
Let k(w) = -4*w**2 - 281*w + 1269. Give k(-74).
159
Let i(s) = 8285*s + 1275876. Give i(-154).
-14
Let v(o) = -12481*o + 12893. Give v(1).
412
Let y(n) = -505*n - 54796. Calculate y(-109).
249
Let h(p) = -2*p**2 + 106*p + 2121. What is h(67)?
245
Let x(v) = -2*v**2 - 464*v + 5836. Calculate x(12).
-20
Let u(g) = 74*g + 12624. What is u(-111)?
4410
Let f(d) = 2*d**2 + 317*d + 9788. Give f(-36).
968
Let z(h) = -14*h**2 - 13203*h + 52083. Calculate z(-947).
-2
Let p(i) = -2*i**2 + 2833*i - 72277. What is p(26)?
29
Let m(y) = -47*y**3 - 502*y**2 + 137*y - 294. What is m(-11)?
14
Let o(l) = 31476*l + 881331. Calculate o(-28).
3
Let d(a) = 9*a**3 + 43*a**2 - 331*a + 43. Give d(-9).
-56
Let y(c) = c**3 + 277*c**2 + 989*c - 28117. What is y(-273)?
2
Let p(u) = 86*u**2 - 13325*u - 794. What is p(155)?
-19
Let o(d) = 4586*d + 421875. Give o(-92).
-37
Let u(b) = -b**2 + 518*b - 12794. Calculate u(492).
-2
Let j(w) = 4*w**3 + 91*w**2 - 106*w + 352. What is j(-24)?
16
Let d(b) = 64*b + 4354. Calculate d(-57).
706
Let b(c) = -c**2 - 15335*c - 137912. Determine b(-9).
22
Let v(u) = u**3 + 27*u**2 + 142*u + 230. Give v(-22).
-474
Let u(w) = 4*w**2 - 1863*w - 4206. Determine u(468).
6
Let i(h) = 2316*h - 907802. Give i(392).
70
Let u(w) = -w**3 - 166*w**2 - 1704*w + 166. What is u(-155)?
11
Let y(i) = 2748*i - 35310. Calculate y(13).
414
Let k(s) = -s**3 + 56*s**2 - 27*s + 493. Determine k(56).
-1019
Let h(p) = 6*p**3 - 311*p**2 - 55*p + 73. What is h(52)?
-83
Let u(r) = 2*r**3 + 18*r**2 + 34*r + 4. Give u(-6).
16
Let f(n) = -17693*n - 53089. What is f(-3)?
-10
Let v(h) = h**2 + 1815*h + 243604. Determine v(-146).
-70
Let x(l) = -6*l**2 - 128*l + 122. What is x(-32)?
-1926
Let v(g) = g**3 + 783*g**2 + 151892*g + 9206. What is v(-354)?
2
Let c(w) = w**2 - 167*w - 8471. What is c(-47)?
1587
Let x(f) = 725*f + 31898. What is x(-44)?
-2
Let v(a) = 278*a**2 - 9734*a + 143. What is v(35)?
3
Let z(v) = -53*v**2 - 457*v + 488. Determine z(1).
-22
Let w(a) = 1831*a - 270. What is w(0)?
-270
Let d(o) = 596*o + 11572. Determine d(-20).
-348
Let u(f) = 66*f**2 + 128*f - 18. Calculate u(-2).
-10
Let g(l) = -l**3 + 17*l**2 - 335*l + 14. What is g(15)?
-4561
Let x(o) = -285*o + 34536. What is x(121)?
51
Let v(i) = 8066*i - 56497. Give v(7).
-35
Let l(t) = t**3 - 150*t**2 + 2365*t + 1465. Give l(132).
13
Let x(z) = 58*z + 4720. Calculate x(-64).
1008
Let a(k) = 3*k**2 - 177*k - 3835. What is a(-17)?
41
Let q(b) = -184*b**2 - 2772*b - 178. Calculate q(-15).
2
Let w(n) = -73*n**2 - 6569*n - 6434. Calculate w(-89).
-26
Let g(h) = -1011*h**2 - 642*h + 641. What is g(1)?
-1012
Let q(j) = -j**2 + 43*j + 3561. Give q(-42).
-9
Let o(h) = -h**2 + 957*h - 17789. Calculate o(19).
33
Let h(g) = -g**3 + 8*g**2 - 2563*g + 46122. Determine h(17).
-50
Let y(t) = 207*t - 33301. Give y(161).
26
Let p(n) = -79*n**2 - 315*n + 354. Give p(-6).
-600
Let v(n) = -119*n**3 + 248*n**2 + 2*n + 4. Give v(2).
48
Let n(x) = 14